 is divided by 10?
4
Suppose -f - 4 = -78. Calculate the remainder when f/2 + (-3)/1 is divided by 12.
10
Suppose -o + 10 = 4*o. Suppose n - 4 = -o. Calculate the remainder when 2 is divided by n.
0
Let k = -25 + 34. Calculate the remainder when 5/((-1)/7*-1) is divided by k.
8
Let a be 4/(-4)*(-4 + 1). Suppose -4*c = 5*s - 23, 0*s = -3*s + 3*c + a. What is the remainder when 3 is divided by s?
0
What is the remainder when (7 + 0)*105/15 is divided by 17?
15
Let a = 23 + -13. Suppose -4*l - v + 140 = l, v - 24 = -l. What is the remainder when l is divided by a?
9
Let u = -4 + 4. Let o(f) = -f**3 + 35. Let x be o(u). Suppose -3*r - c + x = 0, -6*r + r = 3*c - 57. What is the remainder when 22 is divided by r?
10
What is the remainder when 23 is divided by ((-6)/4)/(6/(-32))?
7
Suppose 5*x - 5*g - 35 = 0, 16 = 5*x + 5*g + 1. Calculate the remainder when 27 is divided by x.
2
Suppose -t - 4 = -5*z, 5*z = 4*t + 2 - 16. Suppose 12 = t*a - 2*a. Let b(f) = 7*f**2 + f + 1. Calculate the remainder when b(-1) is divided by a.
1
Suppose 2*v - 6*v = -24. What is the remainder when v is divided by 4?
2
Suppose -2*p = -3*p + 1. Let j(k) = 22*k**2 - 2*k + 2. Calculate the remainder when 43 is divided by j(p).
21
Let z(n) = n**3 + 10*n**2 - 3*n - 10. What is the remainder when z(-10) is divided by 7?
6
Let p = -78 - -123. Let n(v) = v**3 - 5*v**2 - 5*v + 6. Let b be (-45)/(-6) - 9/6. What is the remainder when p is divided by n(b)?
9
Let m = 7 - 4. Suppose -3*w + 3*j = -18, 6*w = w + 3*j + 28. Suppose z = w*d - 107, -3*z + 2*z = -m. Calculate the remainder when d is divided by 8.
6
Suppose -3*a + 29 = -5*j, 6*a - 57 = a + 4*j. Suppose 5 = 2*o - a. Let x = 33 - 7. What is the remainder when x is divided by o?
8
Let c = -9 - -22. What is the remainder when c is divided by 5?
3
Let v be (1 - 1)/(12/6). Suppose 2*i - 7*i + 280 = 3*p, v = 2*p + 10. Calculate the remainder when i is divided by 20.
19
Let u = -28 - -50. What is the remainder when u is divided by 12?
10
Let f(r) = -2*r - 3. Calculate the remainder when 32 is divided by f(-5).
4
Suppose -k + 4 = 4*f + 9, 0 = -4*f - 4*k - 20. Suppose 20 = -f*y + y. What is the remainder when y is divided by 7?
6
Suppose -28 - 2 = -2*j. What is the remainder when 42 is divided by j?
12
Let z = 13 - 8. Let h = -19 + 33. Calculate the remainder when h is divided by z.
4
Suppose -10*h + 64 = -9*h. What is the remainder when h is divided by 13?
12
Let d be 145/45 + 2/(-9). Suppose -4*f + 4*h + 648 = 0, -8*f + 3*f + d*h = -814. Suppose 0 = 5*w - w - f. Calculate the remainder when w is divided by 14.
13
Let n be 7/(70/(-8))*-5. Suppose 3*m - 2*z = 122, -26 = -m - n*z + z. What is the remainder when m is divided by 10?
8
Suppose -50 = -5*t - 3*n + 98, 2*t - 52 = -3*n. Calculate the remainder when 95 is divided by t.
31
Suppose -33*q = -29*q - 60. Calculate the remainder when 52 is divided by q.
7
Let y(n) be the second derivative of n**4/6 - 2*n**3 + 3*n**2/2 + 2*n. What is the remainder when y(8) is divided by 3*4 - 0/1?
11
Let c(r) = 7*r. Let k(u) = 1 - 2 + 0. Let j(x) = -c(x) - 4*k(x). What is the remainder when j(-3) is divided by 9?
7
Let o = -22 - -43. Calculate the remainder when o is divided by 11.
10
Calculate the remainder when (10/25)/((-1)/(-165)) is divided by 23.
20
Suppose 0 = q - 5*y - 42 + 3, q - 31 = 3*y. Let a = 10 + -5. Suppose a*f + 4*b - 199 = 101, 5*b = 25. What is the remainder when f is divided by q?
18
Suppose g - n = -4*n + 118, -4*n - 153 = -g. Suppose 3*o - b = g, -2*o + 2*b = -4*o + 78. What is the remainder when o is divided by 9?
7
Let a(s) = -6*s - 19. What is the remainder when a(-10) is divided by 21?
20
Let o = -70 + 139. What is the remainder when o is divided by 9?
6
Suppose -13*g + 10*g + 60 = 0. What is the remainder when 79 is divided by g?
19
Let h = -7 + 48. Suppose 17 = 2*b - h. Let a(d) = -6*d - 3. Calculate the remainder when b is divided by a(-3).
14
Suppose -2*s + 12 = 3*h, 5*h - 3*s - 42 = s. Let b = -1 + h. What is the remainder when 8 is divided by b?
3
Let m(x) = -3*x**2 + 2*x + 7. Let h be m(4). Let v = -26 - h. What is the remainder when 33 is divided by v?
5
Let k(m) = -m**2 - m + 2. Let a be k(-4). Let x = a - -14. Calculate the remainder when 23 is divided by x*(-5)/((-15)/6).
7
Suppose d = 2 + 35. Calculate the remainder when 107 is divided by d.
33
Let r(k) = -3*k**2 + 3. Let j be r(-4). Let p = -31 - j. Calculate the remainder when p is divided by 8.
6
Suppose 4*k = 52 - 16. Calculate the remainder when 35 is divided by k.
8
Suppose 3*k = 0, 5*x - 3*k = x + 64. Calculate the remainder when 77 is divided by x.
13
Let d = 8 - 4. Suppose 2*z - 3 = -0*z + 3*p, -3*p + 9 = 0. What is the remainder when z is divided by d?
2
Let r = -204 + 295. Calculate the remainder when r is divided by 23.
22
Let g be 4/(-10) + (-2569)/(-35). Let d = -38 + g. What is the remainder when d is divided by 18?
17
Let t be (4 - -2)*(-15)/(-18). Suppose 13 = 2*y - t. What is the remainder when y is divided by 3?
0
Let b = -184 + 121. Let s = 88 + b. Calculate the remainder when s is divided by 13.
12
Let w = 13 - 2. Calculate the remainder when (-2)/(-9) + ((-723)/(-27) - -3) is divided by w.
8
Let p(j) = j - 5. Let k be p(6). Let u be -1 - (-5 + k + -2). Suppose u*m - 186 = -4*b, 2*m + 2*b - 80 = -b. What is the remainder when m is divided by 12?
10
Let j = 23 - 12. Let u = 62 + -30. Calculate the remainder when u is divided by j.
10
Let s = 4 + 9. Suppose 2*p - p - 9 = 0. Suppose -p = 4*z - 29. What is the remainder when s is divided by z?
3
Suppose 4*t + 21 = -s - 26, t + 4*s = -23. Let m = 2 + t. Calculate the remainder when 40 is divided by 2/9 + (-187)/m.
19
Let z = 8 - 2. Suppose -4*s + 2*s + 3*w = -z, -s + 5 = -w. What is the remainder when 24 is divided by s?
6
Let y(z) be the first derivative of 4*z**3/3 - z + 2. Let o be y(-1). What is the remainder when (-6)/(-1 - o/(-6)) is divided by 7?
5
Let s be 150/20 + (-1)/(-2). Let z(d) = d**3 - 7*d**2 - 7*d - 1. What is the remainder when 12 is divided by z(s)?
5
Suppose -4*h + 7*h - 60 = 0. Calculate the remainder when 77 is divided by h.
17
Suppose 0 - 2 = -l. Let y be (-40)/(-25) + (-4)/(-10). Suppose -2 = y*a - 3*a. Calculate the remainder when l is divided by a.
0
Suppose -236 = -2*n - 2*n. Suppose 43 = 3*q - 2*x, n = 4*q - 3*x - 0*x. Calculate the remainder when ((-1)/((-6)/(-93)))/(2/(-4)) is divided by q.
9
What is the remainder when (-2)/(-1*(-10)/(-125)) is divided by 14?
11
Suppose -4*h = 5*r - 229, 0*h + h = 4*r + 73. Calculate the remainder when h is divided by 7.
5
What is the remainder when (-22)/121 + (-9147)/(-33) is divided by 35?
32
Let f be (-332)/14 + (-6)/21. Calculate the remainder when 43 is divided by ((-16)/f)/(2/45).
13
Suppose -4*s + 16 = -12. Suppose b = -5*z, -z = 3*b - 21 - s. What is the remainder when b is divided by (-5)/20*4 - (-2 - 3)?
2
Suppose -4*o + 5*r = -600, 0 = 4*o - 0*o + r - 576. Calculate the remainder when o is divided by 49.
47
Let y = 5 + 66. What is the remainder when y is divided by 18?
17
Let x = -66 + 39. Calculate the remainder when 15 is divided by 2/(-6)*(3 + x).
7
Suppose 4*b - 30 = 3*b. Suppose 0*h = 4*t - 3*h - 3, -5*t - 5*h = -b. Suppose -t*l + 84 = -0*l. Calculate the remainder when l is divided by 15.
13
What is the remainder when (38/(-6))/((-5)/30) is divided by 20?
18
Suppose -4*r + 3*r = -2. Calculate the remainder when 4 is divided by r.
0
Let u be 1/((1 + 3)/8). Suppose -21 = -f - 5*b, -2*f - 3*f + u*b + 78 = 0. What is the remainder when f is divided by 10?
6
Suppose 6*u - 20 = u + 2*a, 3*a = -3*u + 12. Suppose -5*y + 132 = 2*i, u*i = -i + 5. What is the remainder when y is divided by 14?
12
Let k(u) = -u + 3*u**2 - 5*u - 10*u - 18 - 4*u**2. Suppose 2*n + 19 = 77. Calculate the remainder when n is divided by k(-14).
9
What is the remainder when 235 is divided by (7/3)/(2*1/12)?
11
Calculate the remainder when 209 is divided by 38 + (-8)/2 + 1.
34
Suppose -5*y + 4 = -4*y. Suppose -3*b = -2*f + 25, f = -4*f - y*b + 5. What is the remainder when 9/2*2/1 is divided by f?
4
What is the remainder when (1*(-3)/(-2))/((-9)/(-174)) is divided by (-1 - 23)*(-6)/9?
13
Suppose 0 = 3*w - 1 - 11. Let t = w - 3. Let m(r) = 19*r**3 + 1. Calculate the remainder when m(t) is divided by 